Calculate l(7).
-12
Let u(l) = -22*l - 419. Calculate u(-19).
-1
Let p(o) = 2*o**3 + 66*o**2 + 3*o + 99. What is p(-33)?
0
Let x(p) = -p**2 - 17*p + 43. What is x(-11)?
109
Let r(q) = -2*q + 27. What is r(13)?
1
Let w(y) = 8*y - 44. What is w(6)?
4
Let b(q) = -35*q + 40. What is b(1)?
5
Let r(j) = -2*j**2 + 13*j - 9. What is r(6)?
-3
Let o(f) = f + 3. Determine o(8).
11
Let s(z) = 4*z**2 - z + 2. Give s(3).
35
Let b(r) = -r**3 - 23*r**2 + r - 25. Give b(-23).
-48
Let g(x) = -x**2 + 11*x + 11. Calculate g(11).
11
Let k(d) = -3*d - 33. Give k(-15).
12
Let g(k) = -k - 26. Calculate g(-11).
-15
Let r(n) = -n**2 - 6*n + 7. Determine r(-6).
7
Let s(b) = b**2 - 12*b - 60. Calculate s(16).
4
Let a(y) = y**3 + 2*y**2 + 2*y + 6. What is a(0)?
6
Let r(z) = -z**2 + 6*z + 1. Determine r(7).
-6
Let m(r) = r + 6. Calculate m(-17).
-11
Let m(q) = q**3 - 19*q**2 + 19*q + 5. Determine m(18).
23
Let y(q) = -18*q - 265. Calculate y(-15).
5
Let g(x) = -2*x**2 - 4*x + 17. Determine g(-5).
-13
Let u(t) = -2*t**2 + 32*t + 18. Calculate u(16).
18
Let o(l) = -5*l + 147. Calculate o(27).
12
Let n(p) = -p**3 - 8*p**2 - 5*p + 11. What is n(-7)?
-3
Let k(b) = b**3 + 8*b**2 + 8*b - 2. Give k(-6).
22
Let r(i) = i + 11. Calculate r(-6).
5
Let r(o) = 21*o + 3. Give r(-1).
-18
Let t(j) = -3*j - 32. Give t(-10).
-2
Let m(g) = -30*g - 226. Calculate m(-7).
-16
Let a(s) = -s**3 - 9*s**2 - 9*s + 6. Determine a(-8).
14
Let z(b) = -b**3 + 24*b**2 - 2*b + 39. Calculate z(24).
-9
Let l(t) = -2*t - 4. What is l(0)?
-4
Let n(f) = 4*f**2 + 2*f + 2. What is n(-1)?
4
Let s(c) = -c + 9. What is s(9)?
0
Let j(t) = -7*t - 58. What is j(-19)?
75
Let d(o) = o**3 - 26*o**2 - 30*o + 68. Calculate d(27).
-13
Let r(t) = -3*t**3 - 12*t**2 + 3*t + 15. Give r(-6).
213
Let c(q) = -q**2 + 6*q + 12. Determine c(5).
17
Let r(q) = -q**2 + 11*q - 1. Give r(10).
9
Let z(n) = -13*n. What is z(2)?
-26
Let h(m) = 15*m - 92. Calculate h(7).
13
Let z(l) = -l + 3. Give z(1).
2
Let r(v) = -v**2 - 13*v - 9. What is r(-10)?
21
Let u(j) = -11*j - 116. Determine u(-9).
-17
Let r(d) = d**3 + 6*d**2 - 11*d - 21. Determine r(-8).
-61
Let k(w) = w**3 - 7*w**2 + 10*w - 25. Give k(6).
-1
Let f(k) = -2*k**2 - 43*k + 31. What is f(-20)?
91
Let d(a) = -7*a**2 - a - 3. What is d(-2)?
-29
Let v(s) = -129*s + 520. Calculate v(4).
4
Let x(g) = g**2 - 7*g + 20. Calculate x(6).
14
Let h(m) = 13*m**2 + m + 1. Determine h(-1).
13
Let n(m) = 2*m**3 + 13*m**2 + 6*m. Calculate n(-6).
0
Let l(f) = -4*f**3 - 8*f**2 + 11*f + 2. Determine l(-3).
5
Let i(j) = -3*j**2 + 5*j - 3. Give i(4).
-31
Let r(h) = -h**3 - 2*h**2 + h - 2. Give r(2).
-16
Let r(y) = 14*y - 97. What is r(7)?
1
Let x(n) = n**3 - 4*n**2 - 8*n + 2. Calculate x(4).
-30
Let d(p) = p**2 - 18*p + 67. Calculate d(3).
22
Let i(m) = -12*m - 11. Determine i(-3).
25
Let w(s) = -s**2 + 4*s + 1. Determine w(5).
-4
Let y(g) = g**3 + 7*g**2 + 13*g + 9. Calculate y(-5).
-6
Let b(z) = z**2 + z - 16. Determine b(3).
-4
Let p(x) = 20*x. Calculate p(4).
80
Let q(p) = -3*p + 123. What is q(35)?
18
Let m(l) = 7*l + 1. Determine m(1).
8
Let n(j) = j**3 + 7*j**2 + 4*j - 3. Determine n(-6).
9
Let x(p) = p**3 + 9*p**2 + 17*p + 13. Calculate x(-6).
19
Let b(i) = i**3 - 14*i**2 + 17*i - 46. Determine b(13).
6
Let l(c) = -2*c + 14. What is l(-6)?
26
Let v(c) = c**3 + 9*c**2 + 8*c - 12. Give v(-8).
-12
Let s(g) = -4*g + 26. Give s(4).
10
Let u(n) = -11*n + 4. Calculate u(3).
-29
Let s(r) = r**2 - 6*r + 4. Give s(4).
-4
Let v(k) = 15*k + 19. What is v(7)?
124
Let z(c) = -c**3 - 18*c**2 - 18*c - 16. Determine z(-17).
1
Let z(r) = r**2 - 24*r + 118. Calculate z(6).
10
Let g(p) = -p**3 - 13*p**2 - 17*p - 22. Calculate g(-12).
38
Let k(l) = 4*l**2 + 31*l - 4. What is k(-10)?
86
Let a(u) = u**3 + 3*u**2 - 6*u - 6. Determine a(-4).
2
Let o(t) = t**2 - 7*t + 15. What is o(7)?
15
Let o(t) = 4*t**2 + 4*t - 35. What is o(0)?
-35
Let t(z) = 6*z + 53. Calculate t(15).
143
Let d(k) = k**3 - 5*k**2 - 17*k + 10. Give d(7).
-11
Let u(p) = -p**3 - 13*p**2 + 30*p + 5. Determine u(-15).
5
Let f(n) = -n**3 + 8*n**2 - 8*n + 1. Calculate f(7).
-6
Let t(x) = x**3 - 7*x + 6. Calculate t(0).
6
Let n(d) = 5*d - 168. Calculate n(33).
-3
Let b(x) = x**3 + 2*x**2 - 2. What is b(-2)?
-2
Let q(u) = u**3 - 11*u**2 - u + 11. What is q(11)?
0
Let h(a) = 2*a**3 - 4*a**2 - 3*a - 7. Give h(4).
45
Let n(v) = -v**3 + 11*v**2 + 13*v + 23. What is n(12)?
35
Let w(x) = x + 2. What is w(0)?
2
Let y(d) = d**3 - 5*d**2 + 2*d. What is y(5)?
10
Let h(i) = -i**3 - 8*i**2 + 2*i + 11. Determine h(-8).
-5
Let m(l) = l**3 - 13*l**2 + 12*l + 5. What is m(12)?
5
Let b(w) = -4*w - 16. Give b(-2).
-8
Let d(h) = 2*h**3 - 10*h**2 + 6*h + 5. What is d(4)?
-3
Let s(d) = -d**2 - 6*d - 8. What is s(-4)?
0
Let j(f) = -3*f - 18. Give j(-11).
15
Let r(n) = n**2 + n - 4. Calculate r(4).
16
Let a(o) = 4*o**2 + 21*o + 21. Determine a(-1).
4
Let u(g) = g**2 + 6*g - 8. Calculate u(-6).
-8
Let g(a) = a**3 + a**2 - 5*a + 1. Determine g(-3).
-2
Let p(q) = -4*q - 9. Calculate p(4).
-25
Let x(u) = -u**2 + 52*u - 533. Give x(14).
-1
Let l(i) = i**3 + 5*i**2 - 8*i - 4. Determine l(-5).
36
Let c(r) = -3*r - 45. Give c(-9).
-18
Let t(d) = d**2 - 28*d + 168. Calculate t(20).
8
Let z(s) = s**3 + 3*s**2 - 10*s - 19. Determine z(-5).
-19
Let y(c) = 41*c**2 + c. Calculate y(-1).
40
Let z(w) = -4*w + 53. Determine z(-19).
129
Let z(d) = d**3 - 7*d**2 - 10*d + 77. Calculate z(4).
-11
Let d(m) = -m**2 - 3*m - 4. Determine d(-3).
-4
Let a(v) = 4*v + 16. Give a(-7).
-12
Let t(u) = -u**2 + 68*u - 130. Give t(2).
2
Let j(l) = 11*l**2 - 4*l + 2. Give j(1).
9
Let j(y) = 7*y**2 - 67*y - 33. Determine j(10).
-3
Let y(x) = -5*x + 137. What is y(22)?
27
Let p(t) = -t**3 + 7*t**2 - 11*t + 7. What is p(5)?
2
Let i(l) = -l**2 - 10*l - 10. Calculate i(-7).
11
Let b(k) = k**3 - 6*k**2 + 4*k - 5. What is b(4)?
-21
Let y(q) = -q**3 + 16*q**2 + 19*q - 21. Give y(17).
13
Let r(a) = -2*a**2 + 18*a - 37. Calculate r(6).
-1
Let q(o) = o**2 + 3*o - 296. Calculate q(-19).
8
Let j(v) = 4*v + 4. Calculate j(-2).
-4
Let q(w) = 4*w - 6. Calculate q(4).
10
Let s(k) = 2*k**2 + 4*k - 10. Determine s(-7).
60
Let a(p) = -p**2 - 4. Calculate a(-4).
-20
Let q(b) = -b**2 - 12*b + 88. Determine q(-20).
-72
Let m(v) = -v**3 + 4*v**2 - v - 3. Give m(4).
-7
Let n(k) = -k**2 + 8*k - 6. Calculate n(5).
9
Let o(b) = b**2 + 18*b + 13. What is o(-17)?
-4
Let q(a) = -a**3 + 9*a**2 + 15*a - 40. Give q(10).
10
Let k(i) = -16*i + 35. Give k(-9).
179
Let d(a) = -a**3 - 12*a**2 - 21*a - 4. Determine d(-10).
6
Let p(i) = -i**3 - 21*i**2 - 83*i - 44. Calculate p(-16).
4
Let g(x) = -2*x**2 + 8*x + 5. Determine g(-1).
-5
Let a(d) = 6*d + 12. Give a(-9).
-42
Let b(k) = k**3 + 6*k**2 + 3*k - 5. Determine b(-5).
5
Let p(j) = j**2 - 25*j - 14. Give p(24).
-38
Let x(w) = -w**3 - 6*w**2 + w + 2. Determine x(-3).
-28
Let a(l) = 8*l + 1. What is a(2)?
17
Let k(w) = w**2 + 4*w - 2. Calculate k(2).
10
Let j(q) = q**2 + 23*q - 3. Determine j(0).
-3
Let k(i) = -8*i - 10. Determine k(3).
-34
Let p(t) = 15*t + 2. Calculate p(-2).
-28
Let y(o) = -o**3 - 4*o**2 + 3*o + 7. Determine y(-5).
17
Let m(o) = -2*o**3 + 2*o**2 + o + 2. What is m(2)?
-4
Let w(s) = s**2 - 9*s + 15. Calculate w(8).
7
Let p(y) = y**2 - 6*y + 4. Give p(4).
-4
Let g(u) = u**3 + 2*u**2 - 6*u. Determine g(-4).
-8
Let r(n) = -23*n + 16. Give r(1).
-7
Let d(z) = -z**3 + 10*z**2 - 9*z + 4. Give d(9).
4
Let y(i) = i**3 + 8*i**2 + 4*i + 4. Calculate y(-7).
25
Let a(j) = -j**3 - 6*j**2 - 4*j - 8. Calculate a(-6).
16
Let l(g) = -3*g - 9. Determine l(-2).
-3
Let n(i) = -i**3 + 11*i**2 - 19*i + 6. What is n(9)?
-3
Let x(w) = -2*w**2 - 8*w - 3. Calculate x(-5).
-13
Let m(y) = -y**3 + 29*y**2 - 13. Calculate m(29).
-13
Let j(c) = c**3 + 9*c**2 - 14*c. Determine j(-10).
40
Let v(m) = m**2 + 4*m - 4. What is v(-3)?
-7
Let j(x) = -x**2 - 10*x + 98. Determine j(-15).
23
Let s(u) = -9*u**2 + 2*u - 1. Calculate s(2).
-33
Let o(y) = y**3 + 4*y**2 - 4*y - 1. Give o(-5).
-6
Let t(n) = n**2 + 3*n + 5. Give t(5).
45
Let n(r) = 24*r**2 - 193*r + 11. Give n(8).
3
Let i(m) = -m**2 - 9*m - 6. Calculate i(-9).
-6
Let q(v) = -9*v**2 - 5*v + 11. Calculate q(2).
-35
Let d(n) = 2*n - 7. What is d(-8)?
-23
Let g(z) = 4*z - 1. Calculate g(4).
15
Let n(q) = -q**3 - 3*q**2 + q - 2. Calculate n(-3).
-5
Let f(m) = m**3 + 11*m